t common factor of 73425 and 890.
445
Calculate the greatest common divisor of 2907 and 44973.
171
What is the greatest common factor of 181256 and 1112?
1112
What is the greatest common factor of 17119 and 506141?
323
Calculate the highest common divisor of 13125 and 84525.
525
Calculate the greatest common divisor of 2482 and 18980.
146
What is the highest common factor of 95 and 171399?
19
What is the highest common factor of 243 and 345357?
27
Calculate the greatest common divisor of 464 and 166448.
16
What is the greatest common factor of 17 and 183906?
17
Calculate the greatest common factor of 20 and 2066.
2
Calculate the greatest common divisor of 193160 and 2200.
440
What is the greatest common factor of 238392 and 11223?
387
What is the highest common divisor of 522 and 121800?
174
Calculate the highest common factor of 624 and 1764.
12
What is the highest common factor of 1508793 and 3432?
429
What is the highest common factor of 91342 and 17440?
218
Calculate the greatest common divisor of 27 and 7578513.
9
Calculate the greatest common factor of 25198 and 5274.
586
What is the greatest common divisor of 34377 and 222632?
1637
What is the greatest common factor of 57267 and 12019?
707
What is the highest common divisor of 3456 and 3564?
108
What is the greatest common divisor of 7308 and 16352?
28
Calculate the greatest common factor of 350 and 964880.
70
Calculate the highest common factor of 18278 and 52.
26
Calculate the highest common factor of 324104 and 968.
88
What is the greatest common factor of 83139 and 222?
111
Calculate the highest common factor of 120 and 610728.
24
What is the highest common factor of 608 and 2556?
4
Calculate the highest common divisor of 32436 and 10653.
159
What is the highest common factor of 658444 and 23576?
1684
What is the greatest common divisor of 246 and 3756666?
246
Calculate the highest common divisor of 126 and 730443.
21
Calculate the highest common divisor of 41344 and 2907.
323
What is the greatest common divisor of 25 and 383?
1
What is the greatest common factor of 522258 and 9471?
1353
Calculate the highest common factor of 1520 and 32.
16
Calculate the highest common factor of 340544 and 2.
2
Calculate the greatest common factor of 36456 and 548359.
1519
Calculate the greatest common factor of 13650 and 98.
14
What is the highest common factor of 40342 and 782?
46
What is the highest common divisor of 190 and 606955?
95
What is the highest common factor of 5094 and 6174?
18
Calculate the greatest common factor of 697 and 51.
17
Calculate the greatest common divisor of 277 and 191.
1
What is the greatest common divisor of 3116363 and 739?
739
Calculate the greatest common factor of 40698 and 136.
34
Calculate the greatest common divisor of 29210 and 211455.
635
What is the highest common factor of 3 and 3298953?
3
Calculate the highest common factor of 6140 and 25.
5
What is the greatest common divisor of 4763 and 341?
11
Calculate the greatest common factor of 28808 and 312.
104
Calculate the highest common factor of 331122 and 47850.
1914
What is the highest common divisor of 3113 and 18112?
283
What is the greatest common divisor of 2928 and 305?
61
What is the highest common divisor of 6076 and 16219?
49
What is the greatest common factor of 80 and 94608?
16
What is the highest common divisor of 3704 and 500?
4
What is the greatest common divisor of 1129649 and 4627?
661
What is the greatest common divisor of 70 and 119500?
10
Calculate the greatest common divisor of 237546 and 432.
54
Calculate the highest common factor of 873 and 35325.
9
What is the highest common divisor of 370 and 185518?
74
What is the greatest common factor of 9045 and 11610?
135
What is the highest common factor of 1053 and 11349?
117
Calculate the highest common divisor of 12415 and 663.
13
Calculate the highest common factor of 58 and 66903.
29
Calculate the greatest common factor of 7747 and 183.
61
What is the highest common divisor of 7605 and 51597?
117
What is the highest common divisor of 1283377 and 115?
23
What is the greatest common factor of 2106 and 247?
13
What is the greatest common divisor of 62898 and 132?
66
What is the greatest common factor of 55354 and 52?
26
What is the greatest common factor of 1826024 and 199?
199
Calculate the highest common divisor of 240 and 43280.
80
Calculate the highest common factor of 92050 and 2450.
350
Calculate the highest common divisor of 224 and 553.
7
Calculate the highest common factor of 714 and 7204974.
714
What is the greatest common divisor of 47436 and 263712?
804
Calculate the highest common factor of 14 and 188426.
14
What is the highest common divisor of 3780 and 420?
420
Calculate the highest common divisor of 4428493 and 111.
37
Calculate the highest common divisor of 35 and 2065.
35
Calculate the greatest common divisor of 451540 and 428.
428
Calculate the greatest common divisor of 20 and 72620.
20
What is the highest common factor of 416 and 62296?
104
Calculate the highest common factor of 100 and 30250.
50
What is the highest common divisor of 592040 and 80?
40
What is the greatest common factor of 2906 and 128?
2
Calculate the highest common factor of 745847 and 61.
61
What is the highest common divisor of 37 and 5393897?
37
Calculate the highest common factor of 1033 and 1098079.
1033
Calculate the highest common factor of 111 and 3630551.
37
Calculate the greatest common divisor of 3475 and 16050.
25
What is the greatest common factor of 893 and 15040?
47
What is the highest common factor of 1912 and 2008078?
478
What is the highest common factor of 150175 and 125?
25
Calculate the greatest common divisor of 61791 and 32093.
479
Calculate the highest common divisor of 1246392 and 280.
56
What is the highest common factor of 165 and 1965?
15
Calculate the highest common divisor of 28 and 1680560.
28
Calculate the greatest common factor of 16 and 725408.
16
What is the highest common divisor of 28213 and 11837?
89
What is the highest common factor of 67640 and 445?
445
What is the highest common factor of 2893 and 193042?
263
What is the greatest common factor of 265 and 19200?
5
Calculate the greatest common factor of 39737 and 1509.
503
Calculate the highest common factor of 3610249 and 538.
269
What is the highest common divisor of 58261 and 116?
29
Calculate the greatest common divisor of 16400762 and 266.
266
Calculate the greatest common divisor of 248297 and 395.
79
What is the highest common divisor of 223 and 8589737?
223
What is the greatest common factor of 344046 and 204?
102
Calculate the greatest common factor of 58 and 214.
2
Calculate the greatest common divisor of 10033 and 1343.
79
Calculate the highest common factor of 469 and 223847.
67
Calculate the highest common factor of 996288 and 192.
192
What is the greatest common factor of 117793 and 57154?
697
What is the highest common divisor of 126984 and 507?
39
What is the greatest common divisor of 7809965 and 628?
157
Calculate the highest common factor of 255864 and 336.
168
What is the highest common divisor of 32 and 2848?
32
What is the greatest common factor of 1040 and 6416?
16
What is the greatest common divisor of 436808 and 24?
8
What is the greatest common factor of 19348 and 448?
28
Calculate the greatest common factor of 3542979 and 11.
11
Calculate the greatest common divisor of 278 and 32.
2
What is the highest common divisor of 5134 and 4658?
34
Calculate the greatest common divisor of 4986 and 4709.
277
What is the highest common divisor of 403 and 495651?
13
Calculate the greatest common divisor of 4164304 and 16.
16
What is the greatest common factor of 86700 and 102?
102
What is the greatest common factor of 4582 and 6380?
58
What is the highest common factor of 269589 and 8617?
1231
Calculate the highest common factor of 72 and 689697.
9
What is the highest common divisor of 12 and 81549?
3
Calculate the greatest common factor of 2517660 and 355.
355
Calculate the highest common factor of 223030 and 5.
5
Calculate the highest common divisor of 612 and 98719.
17
Calculate the highest common factor of 37 and 3155915.
37
Calculate the greatest common factor of 6 and 33862.
2
What is the greatest common factor of 7803 and 45?
9
Calculate th